 What is the greatest common factor of o and 8?
8
Suppose 0 = f - 3*r + 6, 2*f = -0*f + 2*r. Suppose 0*a + f*x = a - 22, -a + x + 14 = 0. Let s = a + -2. What is the highest common factor of 64 and s?
8
Let g = -9 + 13. Suppose -5*x + g = -6. Suppose -1 = 5*f - 4*y, -4*f + 2*y = -x*y + 4. Calculate the greatest common factor of f and 15.
3
Suppose 4*s = 3*u + 123, 4*s + u = -s + 130. Let m be 4/18 - (-2829)/s. What is the highest common divisor of m and 15?
15
Let r(k) = k. Let z be r(10). Let u be (-1*z)/((-12)/126). Calculate the highest common divisor of u and 15.
15
Suppose f = -5*c + 34, 25 = -2*c - 3*c. Let t = 89 - f. Calculate the greatest common divisor of 20 and t.
10
Let g = -6 - 13. Let q = -1 - g. Calculate the highest common divisor of q and 45.
9
Suppose 3*s = 6 + 27. Let u(i) = -11*i - 11. Let a be u(5). Let r = a + 110. What is the highest common factor of r and s?
11
Let f be (19/57)/(1/69). What is the greatest common divisor of 161 and f?
23
Let y(r) = 4*r - 2. Let j be y(5). Suppose v + 2*v - 82 = p, 3*p = 4*v - 111. Calculate the greatest common factor of j and v.
9
Suppose -10*p + 42 = -4*p. Calculate the greatest common divisor of 77 and p.
7
Let m(n) = n**2 - 3*n - 5. Let q be m(5). Suppose 0 = 18*w - 13*w - 275. What is the greatest common divisor of w and q?
5
Suppose 0*c = -c + 23. Suppose 0 = -3*v - g + 238 - 36, 0 = -v + 3*g + 84. Calculate the highest common divisor of v and c.
23
Suppose 0 = -x + 2*p - 3 - 0, 10 = -2*x + 2*p. Suppose -21 - 43 = -4*m. Let j = x + m. Calculate the highest common divisor of 72 and j.
9
Let m(b) be the second derivative of -b**3/6 + 2*b**2 + 3*b. Let v be m(-8). Calculate the greatest common factor of 36 and v.
12
Suppose -3*r - r + 20 = 4*p, -2*r = -3*p + 15. Suppose 4 - 44 = p*j. Let n = 20 + j. Calculate the highest common factor of 3 and n.
3
Let r(j) = 5*j**3 - 2*j**2 - j + 1. Let l be r(3). Calculate the greatest common divisor of l and 46.
23
Let u = -10 + 34. Let a = -35 - -38. What is the greatest common divisor of a and u?
3
Let l be 2 + 20/(-11) + 3682/77. What is the greatest common factor of l and 384?
48
Let j be (-2 - -1) + (-62)/(-2). Let d(h) = -3*h**2 + 14*h - 5. Let m be d(4). What is the greatest common divisor of m and j?
3
Let k(i) = -i + 1. Suppose 0 = 3*l + 2*l + 4*q + 45, -2*l - 3*q = 25. Let r be k(l). Let m be (r - 5)/(2/64). What is the greatest common factor of m and 4?
4
Suppose 6 = s - 5. Suppose -7*n + 31 + 46 = 0. What is the greatest common factor of n and s?
11
Suppose -j + 11 = -4*l, j - 5*l + 3 = 10. What is the highest common divisor of j and 297?
27
Let p(n) = 1 + 18 + n**2 + n**2 - 6*n - 3. Let q be p(7). Let s(a) = -a**2 - 7*a - 2. Let o be s(-5). What is the greatest common factor of q and o?
8
Let t be (-759)/23*3/((-18)/8). What is the greatest common factor of t and 440?
44
Let s = -22 + 55. Suppose 10 = -5*i, -4*b = -3*i - 36 - 14. Calculate the greatest common factor of b and s.
11
Let q be 38/(-4) + 4/(-8). Let t = 13 + q. Suppose 186 - 60 = t*r. Calculate the greatest common divisor of r and 6.
6
Let z(y) = 2*y - 7. Let n be z(9). What is the highest common divisor of n and 1?
1
Suppose 30 = 5*f + c, 22 = 3*f - c + 4. What is the highest common divisor of f and 3?
3
Let w = -14 + 28. Suppose 0 = -y - 5*l + w, 4*y + 2*l + l - 22 = 0. What is the greatest common divisor of 28 and y?
4
Let u = -2 - -20. What is the highest common divisor of u and 18?
18
Suppose 11 = 3*a - 13. Let j = -38 - -55. Suppose k - j = c, -3*c + 11 = k + 2*c. Calculate the highest common divisor of k and a.
8
Suppose 0 = 4*n - n. Let w(g) = -g + 12. Let r be w(n). Let k(a) = 2*a**3 - 2*a**2 - 3*a + 3. Let l be k(3). Calculate the highest common divisor of r and l.
6
Suppose -129 = -6*n + 81. Calculate the greatest common divisor of 5 and n.
5
Let z(n) = -5*n - 40. Let x(d) = 6*d + 40. Let m(h) = -6*x(h) - 7*z(h). Let t be m(0). What is the greatest common factor of 5 and t?
5
Suppose 2*q - 1 - 3 = 0. Suppose 13 = 5*a - 3*r, -4*r + q - 4 = a. What is the greatest common divisor of 4 and a?
2
Let f = 8 - 5. Let p be ((-149)/f)/((-2)/6). Suppose -n = 2*n - 5*j - p, 3*n - 145 = j. What is the highest common factor of n and 120?
24
Suppose 108 = w + 3*w. Calculate the highest common factor of 27 and w.
27
Let o be 0/7 - -3*5. Suppose 2*v = 6*v - 300. What is the highest common factor of v and o?
15
Suppose -4*g + 190 - 2 = -4*h, 0 = 4*g + h - 183. What is the highest common divisor of 138 and g?
46
Let r(b) = b + 12. Let h be r(-5). Let s = -6 + h. Calculate the highest common divisor of 11 and s.
1
Let w = -1 - -5. Suppose x = -0 + w. Suppose 2*m - 8 = -0*m + 3*i, 0 = 2*m + x*i - 8. What is the greatest common divisor of 2 and m?
2
Let r be (14 + 1)/((-7)/(-7)). Suppose 0*a - 142 = -2*a + 5*s, 0 = -2*a + s + 142. Let t = a + 34. What is the greatest common divisor of t and r?
15
Suppose -2*f = q - 240, -270 = -5*f + 2*q + 330. What is the highest common divisor of f and 15?
15
Let d = 21 + -12. Let y(z) = -44*z + 1. Let t be y(-1). Calculate the greatest common divisor of d and t.
9
Let a = 3 + 12. What is the greatest common factor of a and 120?
15
Let b(d) = d**2 - 7*d - 3. Suppose g + 0*g - 9 = 0. Let f be b(g). Calculate the highest common factor of 15 and f.
15
Let m = 24 - -22. Calculate the greatest common divisor of m and 115.
23
Let a(m) = 13*m + 9. Let d be a(11). Calculate the greatest common factor of 19 and d.
19
Let c = -9 - -14. Suppose 5*m + o = 40, -o = m - c*o + 13. Calculate the greatest common divisor of m and 56.
7
Suppose -3*u = -8*u. Let j = 5 + u. What is the greatest common factor of 50 and j?
5
Let f(g) = -g**2 - g - 11. Let y be f(0). Let t be 2 - (y - (-1 - 1)). Let l be 616/84*(-66)/(-4). Calculate the greatest common factor of t and l.
11
Let n be (-1)/(1/(-2)) - -3. Calculate the highest common divisor of n and 20.
5
Let c(j) = -5*j + 5. Let i be c(-7). Calculate the highest common factor of i and 10.
10
Suppose 10*c - 288 = 2*c. Calculate the greatest common divisor of 24 and c.
12
Suppose -2 = -2*r, 2*u + r + 2*r - 83 = 0. Let l be -6*(-1 + 0/1). Suppose -2*a - l = 0, h = 4*a - a + 25. What is the highest common divisor of u and h?
8
Let g = -5 - -6. What is the greatest common factor of g and 9?
1
Suppose 0 = 15*n - 20*n + 55. What is the highest common divisor of n and 143?
11
Let l be 52 + (-6)/(0 + 3). Suppose -44*w + 49*w = 50. Calculate the greatest common factor of w and l.
10
Let u be 18/(-30) + (-1716)/(-10). What is the highest common factor of u and 19?
19
Let y = 3 - -2. Suppose -y*t + 1 = -14. Let r(i) = -i - 2. Let j be r(-4). Calculate the greatest common divisor of t and j.
1
Suppose -5*k - 210 = -8*k. Calculate the highest common factor of 28 and k.
14
Suppose 3*x = -0*x + 3. Let j be (-3*(x + 0))/(-1). Let b be 1 - j/((-6)/142). What is the greatest common divisor of b and 8?
8
Let o(v) = v**2 + 2*v - 4. Let d be o(-4). Suppose g - d = 0, 5*q - 39 = g + 3*g. Suppose -7 + 29 = 2*t. Calculate the highest common factor of q and t.
11
Let m(u) be the first derivative of -u**2 - 4*u + 4. Let z be m(-6). Let o be 4/(-26) + 942/39. What is the greatest common factor of o and z?
8
Let u be (-1 - -7)/((-1)/(-7)). Calculate the highest common factor of 6 and u.
6
Let f be ((-1)/3)/(2/(-24)). Suppose -3*s - f = 14. Let z = s - -16. What is the highest common divisor of 50 and z?
10
Let d(h) be the third derivative of 0 + 0*h - 2*h**3 + 1/12*h**4 - 2*h**2. Let l be d(8). What is the highest common divisor of l and 1?
1
Suppose q - 126 = g, 0*q - g = 5*q - 600. Let j = 23 + -12. What is the greatest common factor of j and q?
11
Let o = -2 + 6. Suppose -o*l = -5*s + l + 50, s + 2*l = -2. Calculate the highest common divisor of 12 and s.
6
Suppose 0 = 5*d + 4*h - 36, 5 + 7 = 2*d + h. Suppose j = 3*j - d. Suppose 2*b - 17 - 3 = 0. What is the greatest common divisor of j and b?
2
Let u = -2 - -3. Calculate the greatest common divisor of u and 9.
1
Suppose -5*k = -25, 3*k = 5*t + 5*k - 30. Suppose 0 = t*i - 13 - 27. Calculate the greatest common divisor of i and 40.
10
Let t = -5 + 38. Let m(i) = i**2 - 2*i - 1. Let x be m(-1). Suppose x*z - 62 = -18. What is the highest common divisor of z and t?
11
Let a = 79 + -111. Let g be 